 is the remainder when 179 is divided by u?
57
Let x(k) = 9 + 3*k - 13 + 2*k**2 - 2*k. Let o be x(-4). Suppose 3*v + 2*v - 56 = -3*q, -3*v + o = 5*q. What is the remainder when 50 is divided by v?
11
Suppose -970 = -18*s + 398. What is the remainder when 221 is divided by s?
69
Suppose 5*n = -170 - 25. Let g = 64 - n. What is the remainder when g is divided by 26?
25
Let k = 78 - 37. Calculate the remainder when k is divided by 11 - (6 - (11 - 0) - -5).
8
Suppose y - 3*v - 61 - 70 = 0, -3*y + 4*v + 378 = 0. Calculate the remainder when 243 is divided by y.
121
Suppose -6*o + 10 = -o. Suppose -o*l + 45 = 5*k + 3*l, 3 = -k + 5*l. Suppose -y = 3*y - 48. What is the remainder when y is divided by k?
5
Let b = 56 + -43. Suppose 8*t + b*t = 315. Suppose 0 = -4*i + i + 222. Calculate the remainder when i is divided by t.
14
What is the remainder when ((19 - 23) + -316)/(2/(-6)) is divided by 37?
35
Let a = 14 + -14. Suppose -8 = -2*b - 0*b. Suppose -o - b*k = -a*o - 14, -101 = -4*o - k. What is the remainder when 51 is divided by o?
25
Let p = 1324 + -281. What is the remainder when p is divided by 18?
17
Suppose 0 = 4*s - 7*d + 10*d - 32, s - 4*d - 27 = 0. Calculate the remainder when 163 is divided by s.
9
Suppose 2*w + 3*l - 40 = 0, -7*w + 8*w - 4*l - 9 = 0. Calculate the remainder when 50 is divided by w.
16
Suppose -3*n = -n - 34. What is the remainder when n is divided by (4 - (4 + -3 + 3)) + 4?
1
Suppose 5*x - 173 = -68. Calculate the remainder when 142 is divided by x.
16
Suppose 3*x + 2*x - 200 = 0. Let q be (8/20)/(4/x). Calculate the remainder when 10/q*(21 - -5) is divided by 17.
14
Let x = 1703 - 1637. What is the remainder when 143 is divided by x?
11
Suppose -16*z + 28548 = -4*z. What is the remainder when z is divided by 70?
69
Suppose 260 = 3*z + r + 95, -4*r = -12. Suppose 7 = 5*x - 13. Suppose y + 5*i = 1, x*i = -8 - 0. What is the remainder when z is divided by y?
10
Let g(w) = -w**3 + 50*w**2 + 8*w - 255. Calculate the remainder when 1009 is divided by g(50).
139
Let b = 31 - -26. Let f(g) = -6*g - 18. Suppose -x = -3*x - 16. Calculate the remainder when b is divided by f(x).
27
Suppose 0 = -2*m + 7*m - 145. Let k = 8 - -2. Calculate the remainder when m is divided by k.
9
Suppose -4*r - 19 = 5. Let g = r - -10. Suppose -2*a + 0*a = -2*i + 4, -a = i - g. What is the remainder when i is divided by 3?
0
Calculate the remainder when 713 is divided by (-17)/(15/(-9)*(-3)/(-15)).
50
Suppose -118 = 2*j - 3*j. Calculate the remainder when j is divided by (-16*12)/(-6) - -8.
38
Suppose -z + 454 = -3*q + 415, 0 = -3*z + 3*q + 87. Let o(u) = 2*u**2 - 5*u - 4. What is the remainder when z is divided by o(4)?
0
Suppose -5*s + 37 = 17. Suppose -4*i + 93 = -63. Calculate the remainder when i is divided by s/2 - (10 - 22).
11
Let u = -19 + 12. Let b = u + 11. Suppose 3*t - 23 - 43 = -k, b*t - 341 = -5*k. What is the remainder when k is divided by 18?
15
Let h be 6/(-21) + 46/14. Suppose 2*w + 16 + 1 = l, h*l - 59 = 4*w. Let m = 23 - 14. What is the remainder when l is divided by m?
7
Suppose -j = -5 - 1. Suppose -j + 3 = u. What is the remainder when (-4102)/(-35) + u/15 is divided by 30?
27
Let n = -30 + 39. Let s(u) = u**2 - 8*u - 6. Calculate the remainder when s(n) is divided by 1.
0
Let m = -79 - -229. What is the remainder when m is divided by 31?
26
Let l(y) = y**3 - 5*y**2 + 1. Let g be l(5). Let v be ((-4)/(-8))/(g/10). Suppose v*w - w = 108. Calculate the remainder when w is divided by 15.
12
Let d = -700 - 335. Let f be 1/2 + d/(-30). Suppose 0 = -4*v - f + 175. Calculate the remainder when v is divided by 9.
8
Let g(y) = -y**3 + 14*y**2 + 19*y - 6. Calculate the remainder when g(15) is divided by 14.
12
Let o(f) = -f + 9. Let z be o(4). Let l = -79 + 111. Suppose 0 = 2*q - z*t - 70, 5*t + 2 - l = -2*q. What is the remainder when q is divided by 13?
12
Calculate the remainder when 819/4 - ((-162)/(-24) + -7) is divided by 71.
63
Suppose -11*s + 56 = -4*s. What is the remainder when 41 is divided by s?
1
Let y(r) = -23*r - 127. Calculate the remainder when 31 is divided by y(-6).
9
Let x(w) = -6*w - 281. Calculate the remainder when 7 is divided by x(-47).
0
Let x(o) = o**2 + 50*o + 146. What is the remainder when 9 is divided by x(-47)?
4
Let w be 6*(-3 + 6 - 2). Suppose -w*i + 137 = 53. Suppose 2*b = -2*b + 220. What is the remainder when b is divided by i?
13
Let w(x) be the second derivative of 0 - 1/12*x**4 - 5/2*x**2 - 5*x + 13/6*x**3. What is the remainder when w(11) is divided by 6?
5
Let s(l) = l + 7. Let h be s(-7). Suppose 5*w - 2*w - 57 = h. Calculate the remainder when 127 is divided by w.
13
Suppose 4*y - 13 = -5*c + 52, 64 = 4*y + 4*c. Let q = 35 + 7. Calculate the remainder when q is divided by y.
12
Suppose 28 = -6*g + 13*g. Suppose -g*h = 2*h - 162. Let d(x) = x**3 - 3*x - 1. Calculate the remainder when d(4) is divided by h.
24
Let v(i) = -2*i**2 + 6*i - 13. Let u(r) = r**2 + 1. Let z(a) = 3*u(a) + v(a). What is the remainder when 83 is divided by z(-9)?
15
Suppose 5*x + l = -4 + 1, -l - 3 = -3*x. Let u be 2 + x + 0/1. Suppose 8 = -0*f - u*f + 5*y, 2*f + y = 16. What is the remainder when 16 is divided by f?
4
Let a = 10 + -7. Suppose -405 = -6*g + a*g. Suppose 4*n = -43 + g. Calculate the remainder when n is divided by 13.
10
Suppose 0 = -5*j - n + 483, 0*n = j - 2*n - 101. Let d(v) = 2*v**2 - 27*v + 6. What is the remainder when j is divided by d(14)?
17
Let c be (0 - -23)*(-4)/(-4). Suppose 117 = -105*p + 92*p. Let m = c + p. What is the remainder when m is divided by 5?
4
Suppose -4*s + 2*w + 14 = 0, 2*s - 17 = -4*w + 3*w. Suppose s = -f + 16. What is the remainder when 58 is divided by f?
8
Let z(r) = r**2 - 10*r + 8. Calculate the remainder when 35 is divided by z(11).
16
Suppose 3*a = 3*m - 42, 0 = 3*m - 4*a - 9 - 30. What is the remainder when 45 is divided by m?
11
Suppose -658 = 3*o - 10*o. What is the remainder when o is divided by 12?
10
Let f(s) = s**3 - 7*s**2 - 8*s - 9. Let c be f(8). Let n = c + 36. Let u = 15 + -8. Calculate the remainder when n is divided by u.
6
Suppose -7*p + 3*p = -376. Let v(a) = -a**2 + 23*a - 84. Calculate the remainder when p is divided by v(18).
4
Let a(u) = u**3 + 11*u**2 + 24*u + 4. What is the remainder when a(-5) is divided by (39 - 3)*(-2)/(-4)?
16
Suppose 3*x - 157 - 74 = 0. Suppose p - 13 = 5*y, -5*y = p + 3*p - x. What is the remainder when 50 is divided by p?
14
Suppose 2*r + 0*r = -2*t - 88, -5*t - 172 = 4*r. Let x = 56 + r. Calculate the remainder when 39 is divided by x.
7
Suppose 2*b - 139 + 9 = -4*k, -4*k = -b - 145. Let r = 19 + -10. Calculate the remainder when k is divided by r.
8
Let h(x) = x**2 + x + 7. Let r(u) = -u**2 + 7*u - 5. Calculate the remainder when h(3) is divided by r(4).
5
What is the remainder when 440 is divided by -6 + (4 - 4) - -27?
20
Suppose -30*w + 31*w = 87. Let d = 21 - 6. What is the remainder when w is divided by d?
12
Suppose 2*t + 40 = -3*t + 5*x, -1 = 2*t + x. What is the remainder when 86/5 - (-8 - t)/(-25) is divided by 5?
2
Suppose i + m = 0, -i = -5*m + 2*m - 4. Let d = -17 - -20. Calculate the remainder when d is divided by i.
0
Let w = 651 + -486. Calculate the remainder when w is divided by 14.
11
Let m = 86 - 26. Suppose 3*b + m = 5*b. Let l = 39 + -23. Calculate the remainder when b is divided by l.
14
Let u(s) = s**3 + 4*s**2 - 3*s - 2. Let n be u(-3). Calculate the remainder when 69 is divided by -1 + (-15)/(-12) + 300/n.
12
Suppose 4*g + 4*m = 384, 0 = -4*g + 5*m + 477 - 102. What is the remainder when g is divided by 8?
7
Let j(x) = -x**3 - 16*x**2 + 18*x + 8. Let o be j(-17). What is the remainder when (-5 - o)/(1/8) is divided by 18?
14
What is the remainder when 193 is divided by -5*(1 + 219/(-15)) - 3?
63
Let g = 46 + -10. Let z = 56 - g. Let v = 10 - 3. What is the remainder when z is divided by v?
6
Suppose 2*b - 44 = 66. Calculate the remainder when 157 is divided by b.
47
Let s be (65/55 - 1) + (-603)/(-11). Let i = s + 20. What is the remainder when i is divided by 41?
34
Let r = -81 - -131. What is the remainder when r is divided by 6?
2
Suppose -42 = 69*i - 72*i. Let j(b) = 40*b**3 + b**2. Let u be j(1). Suppose s + u = 2*s. Calculate the remainder when s is divided by i.
13
Let t(s) = -3*s**3 + 10*s